{"id":26,"date":"2015-05-10T00:20:33","date_gmt":"2015-05-09T23:20:33","guid":{"rendered":"http:\/\/www.hotelprokocky.net\/wrp\/?page_id=26"},"modified":"2017-12-03T20:39:33","modified_gmt":"2017-12-03T19:39:33","slug":"pokoje","status":"publish","type":"page","link":"https:\/\/www.hotelprokocky.net\/wrp\/?page_id=26","title":{"rendered":"Pokoje"},"content":{"rendered":"<h4><\/h4>\n<h4><a href=\"https:\/\/www.hotelprokocky.net\/wrp\/wp-content\/uploads\/2015\/05\/hotel-paula_profi-res-v6.jpg\"><img loading=\"lazy\" decoding=\"async\" class=\"alignnone size-full wp-image-535\" src=\"https:\/\/www.hotelprokocky.net\/wrp\/wp-content\/uploads\/2015\/05\/hotel-paula_profi-res-v6.jpg\" alt=\"hotel paula_profi res v6\" width=\"1120\" height=\"596\" srcset=\"https:\/\/www.hotelprokocky.net\/wrp\/wp-content\/uploads\/2015\/05\/hotel-paula_profi-res-v6.jpg 1120w, https:\/\/www.hotelprokocky.net\/wrp\/wp-content\/uploads\/2015\/05\/hotel-paula_profi-res-v6-150x80.jpg 150w, https:\/\/www.hotelprokocky.net\/wrp\/wp-content\/uploads\/2015\/05\/hotel-paula_profi-res-v6-300x160.jpg 300w, https:\/\/www.hotelprokocky.net\/wrp\/wp-content\/uploads\/2015\/05\/hotel-paula_profi-res-v6-1024x545.jpg 1024w\" sizes=\"auto, (max-width: 1120px) 100vw, 1120px\" \/><\/a><\/h4>\n<h4><strong><span style=\"color: #008000;\">KLIMATIZOVAN\u00dd HOTEL PRO KO\u010cKY PAULA NAB\u00cdZ\u00cd TYTO POKOJE:<\/span><\/strong><\/h4>\n<h4><span style=\"color: #008000;\">DVOUPOKOJ LUXUS:\u00a0p\u016fdorys 2,6 x 1.9 m, a\u017e 2 \u0161krabadla.<\/span><\/h4>\n<h4><span style=\"color: #008000;\">POKOJ PREMIUM+: p\u016fdorys pokoje 1,8 x 1.9 m, \u00a0se \u0161krabadlem a st\u0159e\u0161n\u00edm oknem.<\/span><\/h4>\n<h4><span style=\"color: #008000;\">POKOJE PREMIUM (5 pokoj\u016f): p\u016fdorys pokoje 1,8 x 1.9 m, \u0161krabadlo.<\/span><\/h4>\n<h4><strong>POKOJE V HOTELU PRO KO\u010cKY PAULA:<\/strong><\/h4>\n\n\t\t<style type=\"text\/css\">\n\t\t\t#gallery-1 {\n\t\t\t\tmargin: auto;\n\t\t\t}\n\t\t\t#gallery-1 .gallery-item {\n\t\t\t\tfloat: left;\n\t\t\t\tmargin-top: 10px;\n\t\t\t\ttext-align: center;\n\t\t\t\twidth: 33%;\n\t\t\t}\n\t\t\t#gallery-1 img {\n\t\t\t\tborder: 2px solid #cfcfcf;\n\t\t\t}\n\t\t\t#gallery-1 .gallery-caption {\n\t\t\t\tmargin-left: 0;\n\t\t\t}\n\t\t\t\/* see gallery_shortcode() in wp-includes\/media.php *\/\n\t\t<\/style>\n\t\t<div id='gallery-1' class='gallery galleryid-26 gallery-columns-3 gallery-size-full'><dl class='gallery-item'>\n\t\t\t<dt class='gallery-icon landscape'>\n\t\t\t\t<a href='https:\/\/www.hotelprokocky.net\/wrp\/?attachment_id=544'><img loading=\"lazy\" decoding=\"async\" width=\"309\" height=\"206\" src=\"https:\/\/www.hotelprokocky.net\/wrp\/wp-content\/uploads\/2015\/05\/luxus-res-v1.jpg\" class=\"attachment-full size-full\" alt=\"\" aria-describedby=\"gallery-1-544\" srcset=\"https:\/\/www.hotelprokocky.net\/wrp\/wp-content\/uploads\/2015\/05\/luxus-res-v1.jpg 309w, https:\/\/www.hotelprokocky.net\/wrp\/wp-content\/uploads\/2015\/05\/luxus-res-v1-150x100.jpg 150w, https:\/\/www.hotelprokocky.net\/wrp\/wp-content\/uploads\/2015\/05\/luxus-res-v1-300x200.jpg 300w\" sizes=\"auto, (max-width: 309px) 100vw, 309px\" \/><\/a>\n\t\t\t<\/dt>\n\t\t\t\t<dd class='wp-caption-text gallery-caption' id='gallery-1-544'>\n\t\t\t\tDVOUPOKOJ KATEGORIE LUXUS: p\u016fdorys 2,6 x 1.9 m, a\u017e 2 \u0161krabadla.\n\t\t\t\t<\/dd><\/dl><dl class='gallery-item'>\n\t\t\t<dt class='gallery-icon landscape'>\n\t\t\t\t<a href='https:\/\/www.hotelprokocky.net\/wrp\/?attachment_id=547'><img loading=\"lazy\" decoding=\"async\" width=\"309\" height=\"206\" src=\"https:\/\/www.hotelprokocky.net\/wrp\/wp-content\/uploads\/2015\/05\/premium-res-v12.jpg\" class=\"attachment-full size-full\" alt=\"\" aria-describedby=\"gallery-1-547\" srcset=\"https:\/\/www.hotelprokocky.net\/wrp\/wp-content\/uploads\/2015\/05\/premium-res-v12.jpg 309w, https:\/\/www.hotelprokocky.net\/wrp\/wp-content\/uploads\/2015\/05\/premium-res-v12-150x100.jpg 150w, https:\/\/www.hotelprokocky.net\/wrp\/wp-content\/uploads\/2015\/05\/premium-res-v12-300x200.jpg 300w\" sizes=\"auto, (max-width: 309px) 100vw, 309px\" \/><\/a>\n\t\t\t<\/dt>\n\t\t\t\t<dd class='wp-caption-text gallery-caption' id='gallery-1-547'>\n\t\t\t\tPOKOJ KATEGORIE PREMIUM+: p\u016fdorys pokoje 1,8 x 1.9 m, se \u0161krabadlem a st\u0159e\u0161n\u00edm oknem.\n\t\t\t\t<\/dd><\/dl><dl class='gallery-item'>\n\t\t\t<dt class='gallery-icon landscape'>\n\t\t\t\t<a href='https:\/\/www.hotelprokocky.net\/wrp\/?attachment_id=548'><img loading=\"lazy\" decoding=\"async\" width=\"309\" height=\"206\" src=\"https:\/\/www.hotelprokocky.net\/wrp\/wp-content\/uploads\/2015\/05\/premium-res-v13.jpg\" class=\"attachment-full size-full\" alt=\"\" aria-describedby=\"gallery-1-548\" srcset=\"https:\/\/www.hotelprokocky.net\/wrp\/wp-content\/uploads\/2015\/05\/premium-res-v13.jpg 309w, https:\/\/www.hotelprokocky.net\/wrp\/wp-content\/uploads\/2015\/05\/premium-res-v13-150x100.jpg 150w, https:\/\/www.hotelprokocky.net\/wrp\/wp-content\/uploads\/2015\/05\/premium-res-v13-300x200.jpg 300w\" sizes=\"auto, (max-width: 309px) 100vw, 309px\" \/><\/a>\n\t\t\t<\/dt>\n\t\t\t\t<dd class='wp-caption-text gallery-caption' id='gallery-1-548'>\n\t\t\t\tPOKOJE KATEGORIE PREMIUM: p\u016fdorys pokoje 1,8 x 1.9 m, \u0161krabadlo.\n\t\t\t\t<\/dd><\/dl><br style=\"clear: both\" \/>\n\t\t<\/div>\n\n<h4 style=\"text-align: justify;\"><span style=\"color: #008000;\">D\u00edky neobvykl\u00e9 v\u00fd\u0161ce cel\u00e9ho interi\u00e9ru p\u016fsob\u00ed prostory vzdu\u0161n\u011b a vytv\u00e1\u0159ej\u00ed pro ko\u010dky\u00a0p\u0159\u00edjemn\u00e9 z\u00e1zem\u00ed.<\/span><\/h4>\n<h4 style=\"text-align: justify;\"><span style=\"color: #008000;\">Jsme hotelem pro v\u00fdhradn\u011b ko\u010di\u010d\u00ed hosty a jde n\u00e1m o maxim\u00e1ln\u00ed spokojenost a rychlou aklimatizaci na\u0161ich host\u016f.\u00a0<\/span><span style=\"color: #008000;\">V hotelu jsou p\u0159\u00edsn\u011b dodr\u017eov\u00e1ny v\u0161echny hygienick\u00e9 p\u0159edpisy a prostory\u00a0<\/span><span style=\"color: #008000;\">jsou \u0159\u00e1dn\u011b schv\u00e1leny pro provoz hotelu pro ko\u010dky.\u00a0<\/span><span style=\"color: #008000;\">Provozovatelka hotelu m\u00e1 mnoholet\u00e9 zku\u0161enosti z\u00edskan\u00e9 prax\u00ed v chovatelsk\u00e9 stanici z\u00e1jmov\u00e9ho chovu a o Va\u0161e ko\u010dky se dob\u0159e postar\u00e1.\u00a0<\/span><span style=\"color: #008000;\">Zveme V\u00e1s do na\u0161eho hotelu, kter\u00fd jsme vybudovali s ohledem na pot\u0159eby Va\u0161ich ko\u010di\u010dek, aby jste mohli p\u0159ed sv\u00fdm kone\u010dn\u00fdm rozhodnut\u00edm kde ko\u010di\u010dku ubytujete n\u00e1\u0161 hotel porovnat s jin\u00fdmi.<\/span><\/h4>\n<p>&nbsp;<\/p>\n<p>Ad\u00e9la Nov\u00e1kov\u00e1 tel. +420 603 324 404, e-mail ad_novakova@centrum.cz<\/p>\n<p>Hotel Paula Kozmice, ul. Hlavn\u00ed 57\/16, Kozmice u Hlu\u010d\u00edna, GPS: 49.912744, 18.156873<\/p>\n","protected":false},"excerpt":{"rendered":"<p>KLIMATIZOVAN\u00dd HOTEL PRO KO\u010cKY PAULA NAB\u00cdZ\u00cd TYTO POKOJE: DVOUPOKOJ LUXUS:\u00a0p\u016fdorys 2,6 x 1.9 m, a\u017e 2 \u0161krabadla. POKOJ PREMIUM+: p\u016fdorys pokoje 1,8 x 1.9 m, \u00a0se \u0161krabadlem a st\u0159e\u0161n\u00edm oknem. POKOJE PREMIUM (5 pokoj\u016f): p\u016fdorys pokoje 1,8 x 1.9 m, \u0161krabadlo. POKOJE V HOTELU PRO KO\u010cKY PAULA: D\u00edky neobvykl\u00e9 v\u00fd\u0161ce\u2026 <a class=\"continue-reading-link\" href=\"https:\/\/www.hotelprokocky.net\/wrp\/?page_id=26\">Continue reading<\/a><\/p>\n","protected":false},"author":1,"featured_media":0,"parent":0,"menu_order":0,"comment_status":"open","ping_status":"open","template":"","meta":{"footnotes":""},"class_list":["post-26","page","type-page","status-publish","hentry"],"_links":{"self":[{"href":"https:\/\/www.hotelprokocky.net\/wrp\/index.php?rest_route=\/wp\/v2\/pages\/26","targetHints":{"allow":["GET"]}}],"collection":[{"href":"https:\/\/www.hotelprokocky.net\/wrp\/index.php?rest_route=\/wp\/v2\/pages"}],"about":[{"href":"https:\/\/www.hotelprokocky.net\/wrp\/index.php?rest_route=\/wp\/v2\/types\/page"}],"author":[{"embeddable":true,"href":"https:\/\/www.hotelprokocky.net\/wrp\/index.php?rest_route=\/wp\/v2\/users\/1"}],"replies":[{"embeddable":true,"href":"https:\/\/www.hotelprokocky.net\/wrp\/index.php?rest_route=%2Fwp%2Fv2%2Fcomments&post=26"}],"version-history":[{"count":58,"href":"https:\/\/www.hotelprokocky.net\/wrp\/index.php?rest_route=\/wp\/v2\/pages\/26\/revisions"}],"predecessor-version":[{"id":615,"href":"https:\/\/www.hotelprokocky.net\/wrp\/index.php?rest_route=\/wp\/v2\/pages\/26\/revisions\/615"}],"wp:attachment":[{"href":"https:\/\/www.hotelprokocky.net\/wrp\/index.php?rest_route=%2Fwp%2Fv2%2Fmedia&parent=26"}],"curies":[{"name":"wp","href":"https:\/\/api.w.org\/{rel}","templated":true}]}}